{"id":8459,"date":"2025-06-17T11:34:26","date_gmt":"2025-06-17T11:34:26","guid":{"rendered":"https:\/\/detaycilar.com\/?post_type=product&#038;p=8459"},"modified":"2025-10-03T17:42:12","modified_gmt":"2025-10-03T17:42:12","slug":"dvx-fresh-life-vanilya-cenneti-ortam-kokusu-473-ml","status":"publish","type":"product","link":"https:\/\/detaycilar.com\/index.php\/urun\/dvx-fresh-life-vanilya-cenneti-ortam-kokusu-473-ml\/","title":{"rendered":"DVX Fresh Life Vanilya Cenneti Ortam Kokusu 473 ML"},"content":{"rendered":"<p>DVX Fresh Life Vanilya Cenneti Ortam Kokusu 473 ML<\/p>\n<p><span style=\"font-family: Tahoma;\"><strong>Yo\u011fun Vanilya Kokusu.<\/strong><br \/>\nKapal\u0131 ortamlar\u0131m yada araban\u0131z\u0131n havas\u0131n\u0131 yenileyin.<br \/>\nK\u00f6t\u00fc kokular\u0131 yok eder. Kal\u0131c\u0131 ve ho\u015f bir koku b\u0131rak\u0131r.<br \/>\nToksik olmayan ve \u00e7evre dostu bile\u015fenlerle form\u00fcle edilmi\u015ftir.<br \/>\nOtomobiller, yatak odalar\u0131, banyolar, oturma odalar\u0131, koridorlar, mutfaklar, o\ufb01s alanlar\u0131 ve daha fazlas\u0131 i\u00e7in ideal bir ortam tazeleyicidir.<\/span><\/p>\n<p>&nbsp;<\/p>\n<p><span style=\"font-family: Tahoma;\"><strong>Kullan\u0131m :<br \/>\n<\/strong>Havaland\u0131r\u0131lm\u0131\u015f ortama 2-3 kez p\u00fcsk\u00fcrt\u00fcl\u00fcr ve ortam kapal\u0131 tutulur<\/span><\/p>\n<p>&nbsp;<\/p>\n<p><span style=\"font-family: Tahoma;\"><strong>\u00d6nemli:<\/strong><br \/>\n\u00c7ocuklardan uzak tutunuz.<br \/>\nEl,vucut,y\u00fcz ve g\u0131da temizli\u011finde kullanmay\u0131n\u0131z.<br \/>\nSerin ve kuru yerde muhafaza ediniz.<\/span><\/p>\n","protected":false},"excerpt":{"rendered":"<p>DVX Fresh Life Vanilya Cenneti Ortam Kokusu 473 ML Yo\u011fun Vanilya Kokusu. Kapal\u0131 ortamlar\u0131m yada araban\u0131z\u0131n havas\u0131n\u0131 yenileyin. K\u00f6t\u00fc kokular\u0131 yok eder. Kal\u0131c\u0131 ve ho\u015f bir koku b\u0131rak\u0131r. Toksik olmayan ve \u00e7evre dostu bile\u015fenlerle form\u00fcle edilmi\u015ftir. Otomobiller, yatak odalar\u0131, banyolar, oturma odalar\u0131, koridorlar, mutfaklar, o\ufb01s alanlar\u0131 ve daha fazlas\u0131 i\u00e7in ideal bir ortam tazeleyicidir. &nbsp; [&hellip;]<\/p>\n","protected":false},"featured_media":8460,"comment_status":"open","ping_status":"closed","template":"","meta":[],"product_cat":[251,15],"product_tag":[],"class_list":{"0":"post-8459","1":"product","2":"type-product","3":"status-publish","4":"has-post-thumbnail","6":"product_brand-divortex","7":"product_cat-sprey-kokular","8":"product_cat-tum-urunler","10":"first","11":"instock","12":"taxable","13":"shipping-taxable","14":"purchasable","15":"product-type-simple"},"_links":{"self":[{"href":"https:\/\/detaycilar.com\/index.php\/wp-json\/wp\/v2\/product\/8459","targetHints":{"allow":["GET"]}}],"collection":[{"href":"https:\/\/detaycilar.com\/index.php\/wp-json\/wp\/v2\/product"}],"about":[{"href":"https:\/\/detaycilar.com\/index.php\/wp-json\/wp\/v2\/types\/product"}],"replies":[{"embeddable":true,"href":"https:\/\/detaycilar.com\/index.php\/wp-json\/wp\/v2\/comments?post=8459"}],"version-history":[{"count":1,"href":"https:\/\/detaycilar.com\/index.php\/wp-json\/wp\/v2\/product\/8459\/revisions"}],"predecessor-version":[{"id":9344,"href":"https:\/\/detaycilar.com\/index.php\/wp-json\/wp\/v2\/product\/8459\/revisions\/9344"}],"wp:featuredmedia":[{"embeddable":true,"href":"https:\/\/detaycilar.com\/index.php\/wp-json\/wp\/v2\/media\/8460"}],"wp:attachment":[{"href":"https:\/\/detaycilar.com\/index.php\/wp-json\/wp\/v2\/media?parent=8459"}],"wp:term":[{"taxonomy":"product_cat","embeddable":true,"href":"https:\/\/detaycilar.com\/index.php\/wp-json\/wp\/v2\/product_cat?post=8459"},{"taxonomy":"product_tag","embeddable":true,"href":"https:\/\/detaycilar.com\/index.php\/wp-json\/wp\/v2\/product_tag?post=8459"}],"curies":[{"name":"wp","href":"https:\/\/api.w.org\/{rel}","templated":true}]}}