{"id":7923,"date":"2025-05-28T09:31:40","date_gmt":"2025-05-28T09:31:40","guid":{"rendered":"https:\/\/detaycilar.com\/?post_type=product&#038;p=7923"},"modified":"2026-01-21T06:06:48","modified_gmt":"2026-01-21T06:06:48","slug":"onyx-hologram-free-1l","status":"publish","type":"product","link":"https:\/\/detaycilar.com\/index.php\/urun\/onyx-hologram-free-1l\/","title":{"rendered":"Onyx Hologram Free 1L"},"content":{"rendered":"<p>Onyx Hologram Free<\/p>\n<p>Hologram Free, hologramlar\u0131, ince z\u0131mpara izlerini ve boya hatalar\u0131n\u0131 gidermek i\u00e7in kullan\u0131lan bir son kat malzemesidir. Bu \u00fcr\u00fcn, ultra ince a\u015f\u0131nd\u0131r\u0131c\u0131 bile\u015fenlerle son derece kolay bir \u015fekilde i\u015flenerek parlak, derin bir parlakl\u0131kta y\u00fczey b\u0131rak\u0131r.<\/p>\n<p>&nbsp;<\/p>\n<p>Holograms\u0131z cila macunumuz yeni hologram giderme \u00e7\u00f6z\u00fcm\u00fcm\u00fczd\u00fcr. Bu \u00fcr\u00fcn hologramlar\u0131 gidermenin yan\u0131 s\u0131ra ince z\u0131mpara izlerini ve boya hatalar\u0131n\u0131 da giderir. Ultra ince a\u015f\u0131nd\u0131r\u0131c\u0131 bile\u015fenler kullan\u0131larak her t\u00fcrl\u00fc arac\u0131n y\u00fczeyine parlak, \u0131\u015f\u0131lt\u0131l\u0131 ve kusursuz bir g\u00f6r\u00fcn\u00fcm kazand\u0131r\u0131r.<\/p>\n<p>Form\u00fcl\u00fcm\u00fcz silikon i\u00e7ermez, uygulamas\u0131 ve \u00e7\u0131kar\u0131lmas\u0131 kolayd\u0131r. Yani her t\u00fcrl\u00fc at\u00f6lyede rahatl\u0131kla kullan\u0131labilir. \u0130ster k\u00fc\u00e7\u00fck alanlar\u0131n sorunsuz bir \u015fekilde i\u015flenmesi, ister bir araban\u0131n y\u00fczeyinin d\u00fczeltilmesi, isterse de acemice yap\u0131lm\u0131\u015f bir i\u015fin d\u00fczeltilmesi olsun.<\/p>\n<p>&nbsp;<\/p>\n<p>&#8211; En koyu boya y\u00fczeyinden hologramlar\u0131 \u00e7\u0131kar\u0131n<\/p>\n<p>&#8211; Y\u00fcksek parlakl\u0131k sa\u011flar<br \/>\n&#8211; Uygulamas\u0131 ve \u00e7\u0131kar\u0131lmas\u0131 kolayd\u0131r<\/p>\n","protected":false},"excerpt":{"rendered":"<p>Onyx Hologram Free Hologram Free, hologramlar\u0131, ince z\u0131mpara izlerini ve boya hatalar\u0131n\u0131 gidermek i\u00e7in kullan\u0131lan bir son kat malzemesidir. Bu \u00fcr\u00fcn, ultra ince a\u015f\u0131nd\u0131r\u0131c\u0131 bile\u015fenlerle son derece kolay bir \u015fekilde i\u015flenerek parlak, derin bir parlakl\u0131kta y\u00fczey b\u0131rak\u0131r. &nbsp; Holograms\u0131z cila macunumuz yeni hologram giderme \u00e7\u00f6z\u00fcm\u00fcm\u00fczd\u00fcr. Bu \u00fcr\u00fcn hologramlar\u0131 gidermenin yan\u0131 s\u0131ra ince z\u0131mpara izlerini ve [&hellip;]<\/p>\n","protected":false},"featured_media":7924,"comment_status":"open","ping_status":"closed","template":"","meta":[],"product_cat":[142,15],"product_tag":[],"class_list":{"0":"post-7923","1":"product","2":"type-product","3":"status-publish","4":"has-post-thumbnail","6":"product_brand-onyx-coating","7":"product_cat-hare-giderici","8":"product_cat-tum-urunler","10":"first","11":"instock","12":"taxable","13":"shipping-taxable","14":"purchasable","15":"product-type-simple"},"_links":{"self":[{"href":"https:\/\/detaycilar.com\/index.php\/wp-json\/wp\/v2\/product\/7923","targetHints":{"allow":["GET"]}}],"collection":[{"href":"https:\/\/detaycilar.com\/index.php\/wp-json\/wp\/v2\/product"}],"about":[{"href":"https:\/\/detaycilar.com\/index.php\/wp-json\/wp\/v2\/types\/product"}],"replies":[{"embeddable":true,"href":"https:\/\/detaycilar.com\/index.php\/wp-json\/wp\/v2\/comments?post=7923"}],"version-history":[{"count":1,"href":"https:\/\/detaycilar.com\/index.php\/wp-json\/wp\/v2\/product\/7923\/revisions"}],"predecessor-version":[{"id":9113,"href":"https:\/\/detaycilar.com\/index.php\/wp-json\/wp\/v2\/product\/7923\/revisions\/9113"}],"wp:featuredmedia":[{"embeddable":true,"href":"https:\/\/detaycilar.com\/index.php\/wp-json\/wp\/v2\/media\/7924"}],"wp:attachment":[{"href":"https:\/\/detaycilar.com\/index.php\/wp-json\/wp\/v2\/media?parent=7923"}],"wp:term":[{"taxonomy":"product_cat","embeddable":true,"href":"https:\/\/detaycilar.com\/index.php\/wp-json\/wp\/v2\/product_cat?post=7923"},{"taxonomy":"product_tag","embeddable":true,"href":"https:\/\/detaycilar.com\/index.php\/wp-json\/wp\/v2\/product_tag?post=7923"}],"curies":[{"name":"wp","href":"https:\/\/api.w.org\/{rel}","templated":true}]}}